en 8268 is divided by 1834?
932
What is the remainder when 2490 is divided by 718?
336
Calculate the remainder when 22664 is divided by 7554.
2
What is the remainder when 2622 is divided by 165?
147
What is the remainder when 135462 is divided by 55?
52
What is the remainder when 4144 is divided by 139?
113
Calculate the remainder when 55090 is divided by 834.
46
Calculate the remainder when 98837 is divided by 32943.
8
What is the remainder when 3107 is divided by 37?
36
What is the remainder when 7187 is divided by 40?
27
What is the remainder when 32780 is divided by 1638?
20
What is the remainder when 608 is divided by 295?
18
Calculate the remainder when 347 is divided by 189.
158
What is the remainder when 323911 is divided by 112?
7
What is the remainder when 2429 is divided by 123?
92
Calculate the remainder when 4290 is divided by 25.
15
Calculate the remainder when 20048 is divided by 991.
228
Calculate the remainder when 75385 is divided by 2037.
16
Calculate the remainder when 21924 is divided by 7308.
0
What is the remainder when 15351 is divided by 177?
129
What is the remainder when 2461837 is divided by 61?
60
Calculate the remainder when 2895 is divided by 70.
25
What is the remainder when 7140 is divided by 472?
60
Calculate the remainder when 4146 is divided by 1027.
38
Calculate the remainder when 1010 is divided by 349.
312
Calculate the remainder when 4746 is divided by 4463.
283
What is the remainder when 27156 is divided by 1356?
36
What is the remainder when 33322 is divided by 21?
16
Calculate the remainder when 15316 is divided by 11.
4
What is the remainder when 2430 is divided by 623?
561
What is the remainder when 3156 is divided by 675?
456
What is the remainder when 3743 is divided by 458?
79
What is the remainder when 29787 is divided by 22?
21
Calculate the remainder when 24456 is divided by 2305.
1406
Calculate the remainder when 233167 is divided by 11.
0
Calculate the remainder when 1680 is divided by 245.
210
What is the remainder when 240781 is divided by 80244?
49
Calculate the remainder when 562 is divided by 96.
82
Calculate the remainder when 10095 is divided by 273.
267
What is the remainder when 11728 is divided by 2929?
12
What is the remainder when 759488 is divided by 265?
263
What is the remainder when 1755 is divided by 425?
55
Calculate the remainder when 612430 is divided by 673.
0
What is the remainder when 10769 is divided by 539?
528
Calculate the remainder when 10912 is divided by 5.
2
What is the remainder when 666 is divided by 32?
26
Calculate the remainder when 20897 is divided by 10444.
9
What is the remainder when 53501 is divided by 29?
25
What is the remainder when 955 is divided by 938?
17
Calculate the remainder when 7630 is divided by 60.
10
What is the remainder when 1810 is divided by 135?
55
What is the remainder when 11027 is divided by 79?
46
What is the remainder when 27038 is divided by 177?
134
Calculate the remainder when 9566 is divided by 15.
11
Calculate the remainder when 108786 is divided by 20.
6
Calculate the remainder when 10963 is divided by 2147.
228
Calculate the remainder when 3113 is divided by 1500.
113
What is the remainder when 3384 is divided by 42?
24
What is the remainder when 1108 is divided by 776?
332
Calculate the remainder when 186388 is divided by 19.
17
What is the remainder when 15796 is divided by 55?
11
Calculate the remainder when 22773 is divided by 103.
10
Calculate the remainder when 51499 is divided by 7347.
70
What is the remainder when 44337 is divided by 1637?
138
What is the remainder when 5516 is divided by 1408?
1292
What is the remainder when 34539 is divided by 67?
34
What is the remainder when 1441878 is divided by 220?
218
Calculate the remainder when 38088 is divided by 12457.
717
What is the remainder when 482118 is divided by 170?
168
Calculate the remainder when 6636 is divided by 1106.
0
Calculate the remainder when 108892 is divided by 664.
660
What is the remainder when 297965 is divided by 5?
0
Calculate the remainder when 30125 is divided by 2736.
29
What is the remainder when 4961 is divided by 85?
31
What is the remainder when 5974 is divided by 240?
214
What is the remainder when 15671 is divided by 4626?
1793
Calculate the remainder when 23324 is divided by 7689.
257
Calculate the remainder when 56667 is divided by 77.
72
Calculate the remainder when 425817 is divided by 49.
7
Calculate the remainder when 156138 is divided by 1643.
53
What is the remainder when 63358 is divided by 21106?
40
Calculate the remainder when 101938 is divided by 32.
18
What is the remainder when 2473745 is divided by 407?
406
What is the remainder when 100024 is divided by 33329?
37
What is the remainder when 43066 is divided by 21533?
0
What is the remainder when 484458 is divided by 9?
6
What is the remainder when 103798 is divided by 12?
10
Calculate the remainder when 8072 is divided by 7008.
1064
What is the remainder when 88479 is divided by 35?
34
What is the remainder when 102765 is divided by 3315?
0
Calculate the remainder when 476157 is divided by 320.
317
What is the remainder when 4316 is divided by 83?
0
What is the remainder when 67233 is divided by 146?
73
Calculate the remainder when 1625 is divided by 54.
5
What is the remainder when 1142889 is divided by 30?
9
Calculate the remainder when 4869 is divided by 81.
9
What is the remainder when 25248 is divided by 305?
238
Calculate the remainder when 64397 is divided by 274.
7
What is the remainder when 3194 is divided by 335?
179
Calculate the remainder when 9116 is divided by 42.
2
What is the remainder when 453391 is divided by 453381?
10
What is the remainder when 7627 is divided by 971?
830
Calculate the remainder when 1915 is divided by 952.
11
What is the remainder when 74890 is divided by 302?
296
What is the remainder when 8528 is divided by 80?
48
Calculate the remainder when 40915 is divided by 24.
19
What is the remainder when 726 is divided by 260?
206
Calculate the remainder when 626416 is divided by 125283.
1
Calculate the remainder when 7953 is divided by 197.
73
Calculate the remainder when 115971 is divided by 19.
14
Calculate the remainder when 2289 is divided by 479.
373
What is the remainder when 1951 is divided by 53?
43
What is the remainder when 46063 is divided by 19?
7
What is the remainder when 8380 is divided by 186?
10
Calculate the remainder when 17854 is divided by 11.
1
What is the remainder when 16480 is divided by 8236?
8
What is the remainder when 16975 is divided by 15?
10
What is the remainder when 266351 is divided by 44391?
5
Calculate the remainder when 70039 is divided by 23337.
28
Calculate the remainder when 3780010 is divided by 114.
112
Calculate the remainder when 4118 is divided by 400.
118
Calculate the remainder when 365573 is divided by 11.
10
Calculate the remainder when 20918 is divided by 6972.
2
What is the remainder when 81055 is divided by 10123?
71
What is the remainder when 27719 is divided by 2446?
813
Calculate the remainder when 105335 is divided by 35109.
8
Calculate the remainder when 11875 is divided by 455.
45
What is the remainder when 987 is divided by 934?
53
What is the remainder when 8637 is divided by 24?
21
What is the remainder when 2511868 is divided by 39?
34
What is the remainder when 5425 is divided by 158?
53
Calculate the remainder when 4275 is divided by 325.
50
Calculate the remainder when 9387 is divided by 45.
27
Calculate the remainder when 85113 is divided by 29.
27
Calculate the remainder when 826 is divided by 23.
21
Calculate the remainder when 41070 is divided by 311.
18
Calculate the remainder when 20397 is divided by 2241.
228
What is the remainder when 358937 is divided by 6297?
8
Calculate the remainder when 1210 is divided by 75.
10
Calculate the remainder when 5184 is divided by 236.
228
What is the remainder when 59941 is divided by 487?
40
Calculate the remainder when 123637 is divided by 13.
7
Calculate the remainder when 48591 is divided by 8.
7
What is the remainder when 669182 is divided by 253?
250
Calculate the remainder when 7391 is divided by 46.
31
What is the remainder when 430 is divided by 183?
64
Calculate the remainder when 2036 is divided by 33.
23
What is